{"id":10083,"date":"2022-11-19T17:12:39","date_gmt":"2022-11-19T17:12:39","guid":{"rendered":"https:\/\/the7.io\/elementor-corporate\/?page_id=10083"},"modified":"2025-07-02T13:23:36","modified_gmt":"2025-07-02T13:23:36","slug":"servicios","status":"publish","type":"page","link":"https:\/\/www.notariasantamarina.es\/index.php\/servicios\/","title":{"rendered":"Servicios"},"content":{"rendered":"\t\t<div data-elementor-type=\"wp-page\" data-elementor-id=\"10083\" class=\"elementor elementor-10083\" data-elementor-post-type=\"page\">\n\t\t\t\t<div class=\"elementor-element elementor-element-2718e06 e-flex e-con-boxed e-con e-parent\" data-id=\"2718e06\" data-element_type=\"container\">\n\t\t\t\t\t<div class=\"e-con-inner\">\n\t\t<div class=\"elementor-element elementor-element-1ca56ab e-con-full e-flex e-con e-child\" data-id=\"1ca56ab\" data-element_type=\"container\">\n\t\t\t\t<div class=\"elementor-element elementor-element-61794c9 elementor-widget elementor-widget-text-editor\" data-id=\"61794c9\" data-element_type=\"widget\" data-widget_type=\"text-editor.default\">\n\t\t\t\t<div class=\"elementor-widget-container\">\n\t\t\t\t\t\t\t<p>En alg\u00fan momento de su vida acudir\u00e1 al Notario para actos importantes como comprar su casa, obtener un pr\u00e9stamo, hacer testamento&#8230;<\/p>\t\t\t\t\t\t<\/div>\n\t\t\t\t<\/div>\n\t\t\t\t<div class=\"elementor-element elementor-element-5301ef0 elementor-widget elementor-widget-spacer\" data-id=\"5301ef0\" data-element_type=\"widget\" data-widget_type=\"spacer.default\">\n\t\t\t\t<div class=\"elementor-widget-container\">\n\t\t\t\t\t<div class=\"elementor-spacer\">\n\t\t\t<div class=\"elementor-spacer-inner\"><\/div>\n\t\t<\/div>\n\t\t\t\t<\/div>\n\t\t\t\t<\/div>\n\t\t<div class=\"elementor-element elementor-element-a2b3018 e-con-full e-flex e-con e-child\" data-id=\"a2b3018\" data-element_type=\"container\" data-settings=\"{&quot;background_background&quot;:&quot;classic&quot;}\">\n\t\t\t\t<div class=\"elementor-element elementor-element-9ff2815 elementor-widget elementor-widget-image\" data-id=\"9ff2815\" data-element_type=\"widget\" data-widget_type=\"image.default\">\n\t\t\t\t<div class=\"elementor-widget-container\">\n\t\t\t\t\t\t\t\t\t\t\t\t\t<img fetchpriority=\"high\" decoding=\"async\" width=\"424\" height=\"288\" src=\"https:\/\/www.notariasantamarina.es\/wp-content\/uploads\/2024\/05\/contacto.jpg\" class=\"attachment-large size-large wp-image-14185\" alt=\"Contacto\" srcset=\"https:\/\/www.notariasantamarina.es\/wp-content\/uploads\/2024\/05\/contacto.jpg 424w, https:\/\/www.notariasantamarina.es\/wp-content\/uploads\/2024\/05\/contacto-300x204.jpg 300w\" sizes=\"(max-width: 424px) 100vw, 424px\" \/>\t\t\t\t\t\t\t\t\t\t\t\t\t<\/div>\n\t\t\t\t<\/div>\n\t\t\t\t<div class=\"elementor-element elementor-element-b5da6f1 elementor-widget elementor-widget-spacer\" data-id=\"b5da6f1\" data-element_type=\"widget\" data-widget_type=\"spacer.default\">\n\t\t\t\t<div class=\"elementor-widget-container\">\n\t\t\t\t\t<div class=\"elementor-spacer\">\n\t\t\t<div class=\"elementor-spacer-inner\"><\/div>\n\t\t<\/div>\n\t\t\t\t<\/div>\n\t\t\t\t<\/div>\n\t\t\t\t<div class=\"elementor-element elementor-element-747622b elementor-icon-list--layout-traditional elementor-list-item-link-full_width elementor-widget elementor-widget-icon-list\" data-id=\"747622b\" data-element_type=\"widget\" data-widget_type=\"icon-list.default\">\n\t\t\t\t<div class=\"elementor-widget-container\">\n\t\t\t\t\t<ul class=\"elementor-icon-list-items\">\n\t\t\t\t\t\t\t<li class=\"elementor-icon-list-item\">\n\t\t\t\t\t\t\t\t\t\t\t<span class=\"elementor-icon-list-icon\">\n\t\t\t\t\t\t\t<svg aria-hidden=\"true\" class=\"e-font-icon-svg e-fas-phone-alt\" viewBox=\"0 0 512 512\" xmlns=\"http:\/\/www.w3.org\/2000\/svg\"><path d=\"M497.39 361.8l-112-48a24 24 0 0 0-28 6.9l-49.6 60.6A370.66 370.66 0 0 1 130.6 204.11l60.6-49.6a23.94 23.94 0 0 0 6.9-28l-48-112A24.16 24.16 0 0 0 122.6.61l-104 24A24 24 0 0 0 0 48c0 256.5 207.9 464 464 464a24 24 0 0 0 23.4-18.6l24-104a24.29 24.29 0 0 0-14.01-27.6z\"><\/path><\/svg>\t\t\t\t\t\t<\/span>\n\t\t\t\t\t\t\t\t\t\t<span class=\"elementor-icon-list-text\">Tlef. +34 924 09 06 59<\/span>\n\t\t\t\t\t\t\t\t\t<\/li>\n\t\t\t\t\t\t\t\t<li class=\"elementor-icon-list-item\">\n\t\t\t\t\t\t\t\t\t\t\t<span class=\"elementor-icon-list-icon\">\n\t\t\t\t\t\t\t<svg aria-hidden=\"true\" class=\"e-font-icon-svg e-fas-fax\" viewBox=\"0 0 512 512\" xmlns=\"http:\/\/www.w3.org\/2000\/svg\"><path d=\"M480 160V77.25a32 32 0 0 0-9.38-22.63L425.37 9.37A32 32 0 0 0 402.75 0H160a32 32 0 0 0-32 32v448a32 32 0 0 0 32 32h320a32 32 0 0 0 32-32V192a32 32 0 0 0-32-32zM288 432a16 16 0 0 1-16 16h-32a16 16 0 0 1-16-16v-32a16 16 0 0 1 16-16h32a16 16 0 0 1 16 16zm0-128a16 16 0 0 1-16 16h-32a16 16 0 0 1-16-16v-32a16 16 0 0 1 16-16h32a16 16 0 0 1 16 16zm128 128a16 16 0 0 1-16 16h-32a16 16 0 0 1-16-16v-32a16 16 0 0 1 16-16h32a16 16 0 0 1 16 16zm0-128a16 16 0 0 1-16 16h-32a16 16 0 0 1-16-16v-32a16 16 0 0 1 16-16h32a16 16 0 0 1 16 16zm0-112H192V64h160v48a16 16 0 0 0 16 16h48zM64 128H32a32 32 0 0 0-32 32v320a32 32 0 0 0 32 32h32a32 32 0 0 0 32-32V160a32 32 0 0 0-32-32z\"><\/path><\/svg>\t\t\t\t\t\t<\/span>\n\t\t\t\t\t\t\t\t\t\t<span class=\"elementor-icon-list-text\">Fax. +34 924 09 06 60<\/span>\n\t\t\t\t\t\t\t\t\t<\/li>\n\t\t\t\t\t\t\t\t<li class=\"elementor-icon-list-item\">\n\t\t\t\t\t\t\t\t\t\t\t<a href=\"mailto:consultas@notariabeatrizalonso.es\">\n\n\t\t\t\t\t\t\t\t\t\t\t\t<span class=\"elementor-icon-list-icon\">\n\t\t\t\t\t\t\t<svg aria-hidden=\"true\" class=\"e-font-icon-svg e-far-envelope\" viewBox=\"0 0 512 512\" xmlns=\"http:\/\/www.w3.org\/2000\/svg\"><path d=\"M464 64H48C21.49 64 0 85.49 0 112v288c0 26.51 21.49 48 48 48h416c26.51 0 48-21.49 48-48V112c0-26.51-21.49-48-48-48zm0 48v40.805c-22.422 18.259-58.168 46.651-134.587 106.49-16.841 13.247-50.201 45.072-73.413 44.701-23.208.375-56.579-31.459-73.413-44.701C106.18 199.465 70.425 171.067 48 152.805V112h416zM48 400V214.398c22.914 18.251 55.409 43.862 104.938 82.646 21.857 17.205 60.134 55.186 103.062 54.955 42.717.231 80.509-37.199 103.053-54.947 49.528-38.783 82.032-64.401 104.947-82.653V400H48z\"><\/path><\/svg>\t\t\t\t\t\t<\/span>\n\t\t\t\t\t\t\t\t\t\t<span class=\"elementor-icon-list-text\">notaria@notariasantamarina.com<\/span>\n\t\t\t\t\t\t\t\t\t\t\t<\/a>\n\t\t\t\t\t\t\t\t\t<\/li>\n\t\t\t\t\t\t\t\t<li class=\"elementor-icon-list-item\">\n\t\t\t\t\t\t\t\t\t\t\t<a href=\"https:\/\/maps.app.goo.gl\/ZZAswd1GWNNyvAhp8\">\n\n\t\t\t\t\t\t\t\t\t\t\t\t<span class=\"elementor-icon-list-icon\">\n\t\t\t\t\t\t\t<svg aria-hidden=\"true\" class=\"e-font-icon-svg e-fas-map\" viewBox=\"0 0 576 512\" xmlns=\"http:\/\/www.w3.org\/2000\/svg\"><path d=\"M0 117.66v346.32c0 11.32 11.43 19.06 21.94 14.86L160 416V32L20.12 87.95A32.006 32.006 0 0 0 0 117.66zM192 416l192 64V96L192 32v384zM554.06 33.16L416 96v384l139.88-55.95A31.996 31.996 0 0 0 576 394.34V48.02c0-11.32-11.43-19.06-21.94-14.86z\"><\/path><\/svg>\t\t\t\t\t\t<\/span>\n\t\t\t\t\t\t\t\t\t\t<span class=\"elementor-icon-list-text\">D\u00f3nde estamos<\/span>\n\t\t\t\t\t\t\t\t\t\t\t<\/a>\n\t\t\t\t\t\t\t\t\t<\/li>\n\t\t\t\t\t\t<\/ul>\n\t\t\t\t<\/div>\n\t\t\t\t<\/div>\n\t\t\t\t<div class=\"elementor-element elementor-element-cf1d181 elementor-widget-divider--view-line elementor-widget elementor-widget-divider\" data-id=\"cf1d181\" data-element_type=\"widget\" data-widget_type=\"divider.default\">\n\t\t\t\t<div class=\"elementor-widget-container\">\n\t\t\t\t\t<div class=\"elementor-divider\">\n\t\t\t<span class=\"elementor-divider-separator\">\n\t\t\t\t\t\t<\/span>\n\t\t<\/div>\n\t\t\t\t<\/div>\n\t\t\t\t<\/div>\n\t\t\t\t<div class=\"elementor-element elementor-element-00cc217 elementor-widget elementor-widget-text-editor\" data-id=\"00cc217\" data-element_type=\"widget\" data-widget_type=\"text-editor.default\">\n\t\t\t\t<div class=\"elementor-widget-container\">\n\t\t\t\t\t\t\t<p>No dude en acudir a nuestra Notar\u00eda, estamos aqu\u00ed para asesorarle.<\/p>\t\t\t\t\t\t<\/div>\n\t\t\t\t<\/div>\n\t\t\t\t<\/div>\n\t\t\t\t<div class=\"elementor-element elementor-element-16dd3d6 elementor-widget elementor-widget-spacer\" data-id=\"16dd3d6\" data-element_type=\"widget\" data-widget_type=\"spacer.default\">\n\t\t\t\t<div class=\"elementor-widget-container\">\n\t\t\t\t\t<div class=\"elementor-spacer\">\n\t\t\t<div class=\"elementor-spacer-inner\"><\/div>\n\t\t<\/div>\n\t\t\t\t<\/div>\n\t\t\t\t<\/div>\n\t\t\t\t<div class=\"elementor-element elementor-element-02ac9f3 elementor-widget elementor-widget-text-editor\" data-id=\"02ac9f3\" data-element_type=\"widget\" data-widget_type=\"text-editor.default\">\n\t\t\t\t<div class=\"elementor-widget-container\">\n\t\t\t\t\t\t\t<h6><em>Custodiamos el protocolo notarial de D\u00aa Florencia Tejeda Castillo y Timoteo Diez Gutierrez<\/em><\/h6>\t\t\t\t\t\t<\/div>\n\t\t\t\t<\/div>\n\t\t\t\t<\/div>\n\t\t<div class=\"elementor-element elementor-element-8f5e936 e-con-full e-flex e-con e-child\" data-id=\"8f5e936\" data-element_type=\"container\">\n\t\t\t\t<div class=\"elementor-element elementor-element-b0539fd split-breadcrumbs-y elementor-widget elementor-widget-the7-breadcrumb\" data-id=\"b0539fd\" data-element_type=\"widget\" data-widget_type=\"the7-breadcrumb.default\">\n\t\t\t\t<div class=\"elementor-widget-container\">\n\t\t\t<div class=\"assistive-text\">Est\u00e1s aqu\u00ed:<\/div><ol class=\"breadcrumbs text-small rcrumbs\" itemscope itemtype=\"https:\/\/schema.org\/BreadcrumbList\"><li itemprop=\"itemListElement\" itemscope itemtype=\"https:\/\/schema.org\/ListItem\"><a itemprop=\"item\" href=\"https:\/\/www.notariasantamarina.es\/\" title=\"Inicio\"><span itemprop=\"name\">Inicio<\/span><\/a><meta itemprop=\"position\" content=\"1\" \/><\/li><li class=\"current\" itemprop=\"itemListElement\" itemscope itemtype=\"https:\/\/schema.org\/ListItem\"><span itemprop=\"name\">P\u00e1gina<\/span><meta itemprop=\"position\" content=\"2\" \/><\/li><\/ol>\t\t<\/div>\n\t\t\t\t<\/div>\n\t\t\t\t<div class=\"elementor-element elementor-element-503d190 elementor-widget elementor-widget-text-editor\" data-id=\"503d190\" data-element_type=\"widget\" data-widget_type=\"text-editor.default\">\n\t\t\t\t<div class=\"elementor-widget-container\">\n\t\t\t\t\t\t\t<h1 class=\"uk-article-title\" style=\"font-family: 'Open Sans'; margin-bottom: 15px; font-weight: normal; line-height: 42px; color: #222222; text-rendering: auto; font-size: 36px; margin-top: 10px; text-transform: none; font-style: normal; font-variant-ligatures: normal; font-variant-caps: normal; letter-spacing: normal; word-spacing: 0px; text-decoration-thickness: initial; text-decoration-style: initial; text-decoration-color: initial;\">Servicios<\/h1><p>El Notario es un <strong>profesional del derecho altamente cualificado, garante de la seguridad jur\u00eddica que proclama la Constituci\u00f3n Espa\u00f1ola, en el \u00e1mbito del tr\u00e1fico jur\u00eddico extrajudicial.<\/strong><\/p><p>A su vez es el <strong>funcionario p\u00fablico autorizado para dar fe, conforme a las leyes, de los contratos y dem\u00e1s actos extrajudiciales.<\/strong><\/p><p>Como profesional del derecho, el Notario asesora de manera imparcial sobre el medio o instrumento m\u00e1s adecuado y beneficioso para conseguir llevar a efecto las pretensiones de las partes, siempre dentro del marco de la estricta legalidad.<\/p><p>Como funcionario p\u00fablico, depositario de la fe p\u00fablica notarial, el Notario redacta los instrumentos p\u00fablicos, a los que la ley atribuye una especial eficacia, puesto que gozan de fe p\u00fablica, presumi\u00e9ndose su contenido veraz e \u00edntegro de acuerdo con lo dispuesto en la Ley.<\/p><p>De modo que los efectos que el ordenamiento jur\u00eddico atribuye a la fe p\u00fablica notarial s\u00f3lo podr\u00e1n ser negados o desvirtuados por los Jueces y Tribunales y por las administraciones y funcionarios p\u00fablicos en el ejercicio de sus competencias.<\/p><p>Son instrumentos p\u00fablicos las escrituras p\u00fablicas, las p\u00f3lizas intervenidas, las actas, y, en general, todo documento que autorice el notario, bien sea original, en certificado, copia o testimonio. En el apartado de <span style=\"color: #333333;\"><strong><a style=\"color: #333333; text-decoration: underline;\" href=\"https:\/\/www.notariasantamarina.es\/index.php\/documentos\/\">\u201cDocumentos notariales\u201d<\/a><\/strong><\/span> se detallan las caracter\u00edsticas, el contenido y los requisitos de cada tipo de instrumento p\u00fablico. La Notar\u00eda puede realizar gestiones o tr\u00e1mites previos o posteriores relacionados con el instrumento p\u00fablico.<\/p>\t\t\t\t\t\t<\/div>\n\t\t\t\t<\/div>\n\t\t\t\t<div class=\"elementor-element elementor-element-19ce702 elementor-widget-divider--view-line elementor-widget elementor-widget-divider\" data-id=\"19ce702\" data-element_type=\"widget\" data-widget_type=\"divider.default\">\n\t\t\t\t<div class=\"elementor-widget-container\">\n\t\t\t\t\t<div class=\"elementor-divider\">\n\t\t\t<span class=\"elementor-divider-separator\">\n\t\t\t\t\t\t<\/span>\n\t\t<\/div>\n\t\t\t\t<\/div>\n\t\t\t\t<\/div>\n\t\t\t\t<div class=\"elementor-element elementor-element-68083a2 elementor-widget elementor-widget-text-editor\" data-id=\"68083a2\" data-element_type=\"widget\" data-widget_type=\"text-editor.default\">\n\t\t\t\t<div class=\"elementor-widget-container\">\n\t\t\t\t\t\t\t<p style=\"text-align: center;\">En esta web, que no tiene finalidad comercial, encontrar\u00e1 informaci\u00f3n de algunos de los asuntos que pueden ser objeto de su visita en cualquier Notar\u00eda de Espa\u00f1a.<\/p>\t\t\t\t\t\t<\/div>\n\t\t\t\t<\/div>\n\t\t\t\t<\/div>\n\t\t\t\t\t<\/div>\n\t\t\t\t<\/div>\n\t\t\t\t<\/div>\n\t\t","protected":false},"excerpt":{"rendered":"<p>En alg\u00fan momento de su vida acudir\u00e1 al Notario para actos importantes como comprar su casa, obtener un pr\u00e9stamo, hacer testamento&#8230; Tlef. +34 924 09 06 59 Fax. +34 924 09 06 60 notaria@notariasantamarina.com D\u00f3nde estamos No dude en acudir a nuestra Notar\u00eda, estamos aqu\u00ed para asesorarle. Custodiamos el protocolo notarial de D\u00aa Florencia Tejeda&hellip;<\/p>\n","protected":false},"author":1,"featured_media":0,"parent":0,"menu_order":30,"comment_status":"closed","ping_status":"closed","template":"elementor_theme","meta":{"footnotes":""},"class_list":["post-10083","page","type-page","status-publish","hentry"],"yoast_head":"<!-- This site is optimized with the Yoast SEO Premium plugin v22.7 (Yoast SEO v25.7) - https:\/\/yoast.com\/wordpress\/plugins\/seo\/ -->\n<title>Servicios - Notar\u00eda Santa Marina - Badajoz - Beatriz Alonso Jim\u00e9nez y M\u00ba del Rosario S0lo de Zaldivar Maldonado<\/title>\n<meta name=\"description\" content=\"En la Notar\u00eda Beatriz Alonso en Badajoz, brindamos servicios notariales completos: asesor\u00eda legal, testamentos, escrituras, y certificaciones. Atenci\u00f3n profesional y personalizada.\" \/>\n<meta name=\"robots\" content=\"index, follow, max-snippet:-1, max-image-preview:large, max-video-preview:-1\" \/>\n<link rel=\"canonical\" href=\"https:\/\/www.notariasantamarina.es\/index.php\/servicios\/\" \/>\n<meta property=\"og:locale\" content=\"es_ES\" \/>\n<meta property=\"og:type\" content=\"article\" \/>\n<meta property=\"og:title\" content=\"Servicios\" \/>\n<meta property=\"og:description\" content=\"En la Notar\u00eda Beatriz Alonso en Badajoz, brindamos servicios notariales completos: asesor\u00eda legal, testamentos, escrituras, y certificaciones. Atenci\u00f3n profesional y personalizada.\" \/>\n<meta property=\"og:url\" content=\"https:\/\/www.notariasantamarina.es\/index.php\/servicios\/\" \/>\n<meta property=\"og:site_name\" content=\"Notar\u00eda Santa Marina - Badajoz - Beatriz Alonso Jim\u00e9nez y M\u00ba del Rosario S0lo de Zaldivar Maldonado\" \/>\n<meta property=\"article:modified_time\" content=\"2025-07-02T13:23:36+00:00\" \/>\n<meta property=\"og:image\" content=\"https:\/\/www.notariasantamarina.es\/wp-content\/uploads\/2024\/05\/contacto.jpg\" \/>\n<meta name=\"twitter:card\" content=\"summary_large_image\" \/>\n<meta name=\"twitter:label1\" content=\"Tiempo de lectura\" \/>\n\t<meta name=\"twitter:data1\" content=\"2 minutos\" \/>\n<script type=\"application\/ld+json\" class=\"yoast-schema-graph\">{\"@context\":\"https:\/\/schema.org\",\"@graph\":[{\"@type\":\"WebPage\",\"@id\":\"https:\/\/www.notariasantamarina.es\/index.php\/servicios\/\",\"url\":\"https:\/\/www.notariasantamarina.es\/index.php\/servicios\/\",\"name\":\"Servicios - Notar\u00eda Santa Marina - Badajoz - Beatriz Alonso Jim\u00e9nez y M\u00ba del Rosario S0lo de Zaldivar Maldonado\",\"isPartOf\":{\"@id\":\"https:\/\/www.notariasantamarina.es\/#website\"},\"primaryImageOfPage\":{\"@id\":\"https:\/\/www.notariasantamarina.es\/index.php\/servicios\/#primaryimage\"},\"image\":{\"@id\":\"https:\/\/www.notariasantamarina.es\/index.php\/servicios\/#primaryimage\"},\"thumbnailUrl\":\"https:\/\/www.notariasantamarina.es\/wp-content\/uploads\/2024\/05\/contacto.jpg\",\"datePublished\":\"2022-11-19T17:12:39+00:00\",\"dateModified\":\"2025-07-02T13:23:36+00:00\",\"description\":\"En la Notar\u00eda Beatriz Alonso en Badajoz, brindamos servicios notariales completos: asesor\u00eda legal, testamentos, escrituras, y certificaciones. Atenci\u00f3n profesional y personalizada.\",\"breadcrumb\":{\"@id\":\"https:\/\/www.notariasantamarina.es\/index.php\/servicios\/#breadcrumb\"},\"inLanguage\":\"es\",\"potentialAction\":[{\"@type\":\"ReadAction\",\"target\":[\"https:\/\/www.notariasantamarina.es\/index.php\/servicios\/\"]}]},{\"@type\":\"ImageObject\",\"inLanguage\":\"es\",\"@id\":\"https:\/\/www.notariasantamarina.es\/index.php\/servicios\/#primaryimage\",\"url\":\"https:\/\/www.notariasantamarina.es\/wp-content\/uploads\/2024\/05\/contacto.jpg\",\"contentUrl\":\"https:\/\/www.notariasantamarina.es\/wp-content\/uploads\/2024\/05\/contacto.jpg\",\"width\":424,\"height\":288,\"caption\":\"Contacto\"},{\"@type\":\"BreadcrumbList\",\"@id\":\"https:\/\/www.notariasantamarina.es\/index.php\/servicios\/#breadcrumb\",\"itemListElement\":[{\"@type\":\"ListItem\",\"position\":1,\"name\":\"Inicio\",\"item\":\"https:\/\/www.notariasantamarina.es\/\"},{\"@type\":\"ListItem\",\"position\":2,\"name\":\"Servicios\"}]},{\"@type\":\"WebSite\",\"@id\":\"https:\/\/www.notariasantamarina.es\/#website\",\"url\":\"https:\/\/www.notariasantamarina.es\/\",\"name\":\"Notar\u00eda Santa Marina - Badajoz - Beatriz Alonso Jim\u00e9nez y M\u00ba del Rosario S0lo de Zaldivar Maldonado\",\"description\":\"Notar\u00eda Santa Marina - Badajoz - Beatriz Alonso Jim\u00e9nez y M\u00ba del Rosario S0lo de Zaldivar Maldonado\",\"publisher\":{\"@id\":\"https:\/\/www.notariasantamarina.es\/#organization\"},\"potentialAction\":[{\"@type\":\"SearchAction\",\"target\":{\"@type\":\"EntryPoint\",\"urlTemplate\":\"https:\/\/www.notariasantamarina.es\/?s={search_term_string}\"},\"query-input\":{\"@type\":\"PropertyValueSpecification\",\"valueRequired\":true,\"valueName\":\"search_term_string\"}}],\"inLanguage\":\"es\"},{\"@type\":\"Organization\",\"@id\":\"https:\/\/www.notariasantamarina.es\/#organization\",\"name\":\"Notar\u00eda Santa Marina - Badajoz - Beatriz Alonso Jim\u00e9nez y M\u00ba del Rosario S0lo de Zaldivar Maldonado\",\"url\":\"https:\/\/www.notariasantamarina.es\/\",\"logo\":{\"@type\":\"ImageObject\",\"inLanguage\":\"es\",\"@id\":\"https:\/\/www.notariasantamarina.es\/#\/schema\/logo\/image\/\",\"url\":\"https:\/\/www.notariasantamarina.es\/wp-content\/uploads\/2024\/05\/Logo-Notaria-Santa-Marina.png\",\"contentUrl\":\"https:\/\/www.notariasantamarina.es\/wp-content\/uploads\/2024\/05\/Logo-Notaria-Santa-Marina.png\",\"width\":430,\"height\":125,\"caption\":\"Notar\u00eda Santa Marina - Badajoz - Beatriz Alonso Jim\u00e9nez y M\u00ba del Rosario S0lo de Zaldivar Maldonado\"},\"image\":{\"@id\":\"https:\/\/www.notariasantamarina.es\/#\/schema\/logo\/image\/\"}}]}<\/script>\n<!-- \/ Yoast SEO Premium plugin. -->","yoast_head_json":{"title":"Servicios - Notar\u00eda Santa Marina - Badajoz - Beatriz Alonso Jim\u00e9nez y M\u00ba del Rosario S0lo de Zaldivar Maldonado","description":"En la Notar\u00eda Beatriz Alonso en Badajoz, brindamos servicios notariales completos: asesor\u00eda legal, testamentos, escrituras, y certificaciones. Atenci\u00f3n profesional y personalizada.","robots":{"index":"index","follow":"follow","max-snippet":"max-snippet:-1","max-image-preview":"max-image-preview:large","max-video-preview":"max-video-preview:-1"},"canonical":"https:\/\/www.notariasantamarina.es\/index.php\/servicios\/","og_locale":"es_ES","og_type":"article","og_title":"Servicios","og_description":"En la Notar\u00eda Beatriz Alonso en Badajoz, brindamos servicios notariales completos: asesor\u00eda legal, testamentos, escrituras, y certificaciones. Atenci\u00f3n profesional y personalizada.","og_url":"https:\/\/www.notariasantamarina.es\/index.php\/servicios\/","og_site_name":"Notar\u00eda Santa Marina - Badajoz - Beatriz Alonso Jim\u00e9nez y M\u00ba del Rosario S0lo de Zaldivar Maldonado","article_modified_time":"2025-07-02T13:23:36+00:00","og_image":[{"url":"https:\/\/www.notariasantamarina.es\/wp-content\/uploads\/2024\/05\/contacto.jpg","type":"","width":"","height":""}],"twitter_card":"summary_large_image","twitter_misc":{"Tiempo de lectura":"2 minutos"},"schema":{"@context":"https:\/\/schema.org","@graph":[{"@type":"WebPage","@id":"https:\/\/www.notariasantamarina.es\/index.php\/servicios\/","url":"https:\/\/www.notariasantamarina.es\/index.php\/servicios\/","name":"Servicios - Notar\u00eda Santa Marina - Badajoz - Beatriz Alonso Jim\u00e9nez y M\u00ba del Rosario S0lo de Zaldivar Maldonado","isPartOf":{"@id":"https:\/\/www.notariasantamarina.es\/#website"},"primaryImageOfPage":{"@id":"https:\/\/www.notariasantamarina.es\/index.php\/servicios\/#primaryimage"},"image":{"@id":"https:\/\/www.notariasantamarina.es\/index.php\/servicios\/#primaryimage"},"thumbnailUrl":"https:\/\/www.notariasantamarina.es\/wp-content\/uploads\/2024\/05\/contacto.jpg","datePublished":"2022-11-19T17:12:39+00:00","dateModified":"2025-07-02T13:23:36+00:00","description":"En la Notar\u00eda Beatriz Alonso en Badajoz, brindamos servicios notariales completos: asesor\u00eda legal, testamentos, escrituras, y certificaciones. Atenci\u00f3n profesional y personalizada.","breadcrumb":{"@id":"https:\/\/www.notariasantamarina.es\/index.php\/servicios\/#breadcrumb"},"inLanguage":"es","potentialAction":[{"@type":"ReadAction","target":["https:\/\/www.notariasantamarina.es\/index.php\/servicios\/"]}]},{"@type":"ImageObject","inLanguage":"es","@id":"https:\/\/www.notariasantamarina.es\/index.php\/servicios\/#primaryimage","url":"https:\/\/www.notariasantamarina.es\/wp-content\/uploads\/2024\/05\/contacto.jpg","contentUrl":"https:\/\/www.notariasantamarina.es\/wp-content\/uploads\/2024\/05\/contacto.jpg","width":424,"height":288,"caption":"Contacto"},{"@type":"BreadcrumbList","@id":"https:\/\/www.notariasantamarina.es\/index.php\/servicios\/#breadcrumb","itemListElement":[{"@type":"ListItem","position":1,"name":"Inicio","item":"https:\/\/www.notariasantamarina.es\/"},{"@type":"ListItem","position":2,"name":"Servicios"}]},{"@type":"WebSite","@id":"https:\/\/www.notariasantamarina.es\/#website","url":"https:\/\/www.notariasantamarina.es\/","name":"Notar\u00eda Santa Marina - Badajoz - Beatriz Alonso Jim\u00e9nez y M\u00ba del Rosario S0lo de Zaldivar Maldonado","description":"Notar\u00eda Santa Marina - Badajoz - Beatriz Alonso Jim\u00e9nez y M\u00ba del Rosario S0lo de Zaldivar Maldonado","publisher":{"@id":"https:\/\/www.notariasantamarina.es\/#organization"},"potentialAction":[{"@type":"SearchAction","target":{"@type":"EntryPoint","urlTemplate":"https:\/\/www.notariasantamarina.es\/?s={search_term_string}"},"query-input":{"@type":"PropertyValueSpecification","valueRequired":true,"valueName":"search_term_string"}}],"inLanguage":"es"},{"@type":"Organization","@id":"https:\/\/www.notariasantamarina.es\/#organization","name":"Notar\u00eda Santa Marina - Badajoz - Beatriz Alonso Jim\u00e9nez y M\u00ba del Rosario S0lo de Zaldivar Maldonado","url":"https:\/\/www.notariasantamarina.es\/","logo":{"@type":"ImageObject","inLanguage":"es","@id":"https:\/\/www.notariasantamarina.es\/#\/schema\/logo\/image\/","url":"https:\/\/www.notariasantamarina.es\/wp-content\/uploads\/2024\/05\/Logo-Notaria-Santa-Marina.png","contentUrl":"https:\/\/www.notariasantamarina.es\/wp-content\/uploads\/2024\/05\/Logo-Notaria-Santa-Marina.png","width":430,"height":125,"caption":"Notar\u00eda Santa Marina - Badajoz - Beatriz Alonso Jim\u00e9nez y M\u00ba del Rosario S0lo de Zaldivar Maldonado"},"image":{"@id":"https:\/\/www.notariasantamarina.es\/#\/schema\/logo\/image\/"}}]}},"_links":{"self":[{"href":"https:\/\/www.notariasantamarina.es\/index.php\/wp-json\/wp\/v2\/pages\/10083","targetHints":{"allow":["GET"]}}],"collection":[{"href":"https:\/\/www.notariasantamarina.es\/index.php\/wp-json\/wp\/v2\/pages"}],"about":[{"href":"https:\/\/www.notariasantamarina.es\/index.php\/wp-json\/wp\/v2\/types\/page"}],"author":[{"embeddable":true,"href":"https:\/\/www.notariasantamarina.es\/index.php\/wp-json\/wp\/v2\/users\/1"}],"replies":[{"embeddable":true,"href":"https:\/\/www.notariasantamarina.es\/index.php\/wp-json\/wp\/v2\/comments?post=10083"}],"version-history":[{"count":34,"href":"https:\/\/www.notariasantamarina.es\/index.php\/wp-json\/wp\/v2\/pages\/10083\/revisions"}],"predecessor-version":[{"id":14730,"href":"https:\/\/www.notariasantamarina.es\/index.php\/wp-json\/wp\/v2\/pages\/10083\/revisions\/14730"}],"wp:attachment":[{"href":"https:\/\/www.notariasantamarina.es\/index.php\/wp-json\/wp\/v2\/media?parent=10083"}],"curies":[{"name":"wp","href":"https:\/\/api.w.org\/{rel}","templated":true}]}}